{"id":589,"date":"2016-07-16T14:15:42","date_gmt":"2016-07-16T14:15:42","guid":{"rendered":"http:\/\/kunzli.ch\/accueil\/?page_id=589"},"modified":"2024-03-12T08:59:14","modified_gmt":"2024-03-12T08:59:14","slug":"entretien-vidange-et-curage","status":"publish","type":"page","link":"https:\/\/kunzli.ch\/accueil\/entretien-vidange-et-curage\/","title":{"rendered":"Entretien <br>vidange et curage"},"content":{"rendered":"<h2>NETTOYAGE DES SACS et d\u00e9potoirs DE ROUTES &amp; ENTRETIEN DE CANALISATIONS<\/h2>\n<p>Partenaire privil\u00e9gi\u00e9 des collectivit\u00e9s et des communes depuis 1963, KUNZLI vous garantit des prestations de qualit\u00e9 pour la vidange et le nettoyage r\u00e9gulier des sacs et d\u00e9potoirs de routes.<\/p>\n<p>Nos v\u00e9hicules dot\u00e9s de syst\u00e8mes d\u2019aspiration permettent d\u2019\u00e9vacuer les r\u00e9sidus, puis de les acheminer dans nos Centres de gestion environnementale de Villeneuve et d&rsquo;Aubonne qui en assurent le traitement conform\u00e9ment aux nouvelles r\u00e9glementations f\u00e9d\u00e9rales.<\/p>\n<p>Avec nos v\u00e9hicules \u00e9quip\u00e9s des technologies \u00e0 la pointe du progr\u00e8s, nos technologues assurent aussi le curage des canalisations et des collecteurs, de m\u00eame que le transport des boues d\u2019\u00e9puration.<\/p>\n","protected":false},"excerpt":{"rendered":"NETTOYAGE DES SACS et d\u00e9potoirs DE ROUTES &amp; ENTRETIEN DE CANALISATIONS Partenaire privil\u00e9gi\u00e9 des collectivit\u00e9s et des communes depuis 1963, KUNZLI vous garantit des prestations de qualit\u00e9 pour la vidange et le nettoyage r\u00e9gulier des sacs et d\u00e9potoirs de routes. Nos v\u00e9hicules dot\u00e9s de syst\u00e8mes d\u2019aspiration permettent d\u2019\u00e9vacuer les r\u00e9sidus, puis de les acheminer dans&#8230; <a class=\"view-article\" href=\"https:\/\/kunzli.ch\/accueil\/entretien-vidange-et-curage\/\"><\/a>","protected":false},"author":1,"featured_media":0,"parent":0,"menu_order":0,"comment_status":"closed","ping_status":"closed","template":"page-collectivites.php","meta":{"_acf_changed":false,"footnotes":""},"class_list":["post-589","page","type-page","status-publish","hentry"],"acf":[],"_links":{"self":[{"href":"https:\/\/kunzli.ch\/accueil\/wp-json\/wp\/v2\/pages\/589","targetHints":{"allow":["GET"]}}],"collection":[{"href":"https:\/\/kunzli.ch\/accueil\/wp-json\/wp\/v2\/pages"}],"about":[{"href":"https:\/\/kunzli.ch\/accueil\/wp-json\/wp\/v2\/types\/page"}],"author":[{"embeddable":true,"href":"https:\/\/kunzli.ch\/accueil\/wp-json\/wp\/v2\/users\/1"}],"replies":[{"embeddable":true,"href":"https:\/\/kunzli.ch\/accueil\/wp-json\/wp\/v2\/comments?post=589"}],"version-history":[{"count":7,"href":"https:\/\/kunzli.ch\/accueil\/wp-json\/wp\/v2\/pages\/589\/revisions"}],"predecessor-version":[{"id":790,"href":"https:\/\/kunzli.ch\/accueil\/wp-json\/wp\/v2\/pages\/589\/revisions\/790"}],"wp:attachment":[{"href":"https:\/\/kunzli.ch\/accueil\/wp-json\/wp\/v2\/media?parent=589"}],"curies":[{"name":"wp","href":"https:\/\/api.w.org\/{rel}","templated":true}]}}

<h2>NETTOYAGE DES SACS et dépotoirs DE ROUTES &amp; ENTRETIEN DE CANALISATIONS</h2>
<p>Partenaire privilégié des collectivités et des communes depuis 1963, KUNZLI vous garantit des prestations de qualité pour la vidange et le nettoyage régulier des sacs et dépotoirs de routes.</p>
<p>Nos véhicules dotés de systèmes d’aspiration permettent d’évacuer les résidus, puis de les acheminer dans nos Centres de gestion environnementale de Villeneuve et d&rsquo;Aubonne qui en assurent le traitement conformément aux nouvelles réglementations fédérales.</p>
<p>Avec nos véhicules équipés des technologies à la pointe du progrès, nos technologues assurent aussi le curage des canalisations et des collecteurs, de même que le transport des boues d’épuration.</p>

NETTOYAGE DES SACS et dépotoirs DE ROUTES &amp; ENTRETIEN DE CANALISATIONS Partenaire privilégié des collectivités et des communes depuis 1963, KUNZLI vous garantit des prestations de qualité pour la vidange et le nettoyage régulier des sacs et dépotoirs de routes. Nos véhicules dotés de systèmes d’aspiration permettent d’évacuer les résidus, puis de les acheminer dans&#8230; <a class="view-article" href="https://kunzli.ch/accueil/entretien-vidange-et-curage/"></a>
